5*h - 39 = -9. Let n(z) = z**3 - 4*z**2 - 8*z + 4. Let x be n(h). Let s(k) = -34*k + 2. Let o be s(-2). What is the greatest common divisor of o and x?
14
Let w be 2/8 + 150/8. Suppose -49*x + 5992 = -3318. What is the greatest common divisor of w and x?
19
Let j be 20*((-44)/(-8) - 1). Let g be 1*j/(-2)*-1. Calculate the highest common divisor of g and 9.
9
Let c = 750 - 258. Suppose -8*n + 1028 = -c. Let l = 29 - 10. Calculate the highest common divisor of n and l.
19
Suppose 257 + 35 = 4*t + 4*b, t - 3*b = 81. Let q = t - 15. Let h be (-12 - 0)*(-2 + 0). What is the highest common factor of h and q?
12
Let w be ((-84)/(-18))/((-37)/(-12) - 3). Calculate the greatest common factor of 24 and w.
8
Let l(o) = -3*o**3 - 83*o**2 + 28*o + 11. Let k be l(-28). Let m be -1*(-123 - 0) + -2. Calculate the greatest common factor of m and k.
11
Let o(k) be the first derivative of 74*k**2 + k + 3. Let s(j) = -j - 4. Let p be s(-6). Let w be o(p). Calculate the highest common divisor of 27 and w.
27
Let d = -31 - -44. Let n = -76 - -153. Let x = n + -38. What is the highest common factor of d and x?
13
Suppose 0 = 4*j + 2*q + 132, -5*q + 3 = j + 45. Let z be 15/2*j/(-12). Calculate the greatest common divisor of z and 20.
20
Let x be ((-1)/(-2))/((-8)/(-16)). Let w be x/3 - 5/(-3). Suppose w*d - 102 = -2*h - d, -143 = -3*h - 2*d. What is the greatest common divisor of h and 9?
9
Let g(v) = 2*v + 7. Let a be g(-7). Let p = a - -24. What is the highest common factor of p and 119?
17
Let k(j) = j**3 + 2*j**2 + 9*j + 6. Let d be k(-3). Let p be 12*(-2)/(-9)*(0 - d). Calculate the greatest common factor of p and 5.
5
Let w = 29 + -9. Let j = 35 - w. Calculate the greatest common factor of 10 and j.
5
Suppose 8*o - 9 = 7. Let k be o/(3 + (-1372)/460). Suppose -3*r + 5*a + 54 + 61 = 0, 4*r + a - k = 0. Calculate the greatest common divisor of 45 and r.
15
Let j(y) = -13*y - 208. Let g be j(-17). Calculate the greatest common divisor of g and 65.
13
Let r(h) = 4*h**3 + 4*h**2 - 36*h + 5. Let l be r(5). What is the highest common divisor of l and 17?
17
Let b = -17 - -20. Let c be 3/(12/(-116)) + b. Let q = c - -28. What is the highest common divisor of q and 2?
2
Let g(m) = 2*m**2 + m + 2. Let z be g(-2). Let q be 1/(-4) - (-170)/z. Suppose -2*h - 5*h = -q. Calculate the greatest common divisor of h and 27.
3
Let t(g) = -48*g - 326. Let a be t(-7). What is the highest common divisor of a and 1280?
10
Suppose 19*b = 14*b + 1260. Calculate the greatest common divisor of b and 42.
42
Let u(v) = v + 8. Let n be u(-5). Suppose -l + n*w = -817, -2953 - 1092 = -5*l - 5*w. Let q be l/6 - (-1)/(-6). What is the highest common divisor of 15 and q?
15
Let v be 1/(-3 + 8/3). Let c(r) = -2*r**3 - 4*r**2 - 6*r - 6. Let u be c(v). Calculate the greatest common divisor of 330 and u.
30
Let p(m) = m**3 - 9*m**2 + m - 1. Let a be p(9). Let i = -7 + 1. Let h = i - -94. Calculate the greatest common divisor of a and h.
8
Let o = 217 + -142. What is the highest common factor of 125 and o?
25
Let g be (-4)/(-14)*(2 + 5). Suppose -4*w + 102 = -2*d, -g*d = -3*w - d + 74. Let r = -22 + w. What is the greatest common divisor of r and 7?
1
Let b = 22 + -20. Suppose -438 = -5*f - b*g - g, -4*f - g + 356 = 0. What is the greatest common factor of 36 and f?
18
Suppose 142 = 4*f + 4*k - 6*k, -4*f + 140 = -4*k. Calculate the highest common factor of f and 4.
4
Let w be -12*8*4/8. Let a be (46/6)/((-8)/w). Suppose -a = g - 2*g. What is the greatest common factor of g and 115?
23
Let r = -1046 + 1179. Calculate the greatest common factor of r and 2261.
133
Suppose -10386 - 1626 = -33*w. Calculate the highest common divisor of w and 35.
7
Suppose 5*k + 4*t - 165 = t, 0 = 4*t - 20. Suppose -h + 5*b = 0, -b + 4*b - 18 = -3*h. What is the greatest common divisor of k and h?
5
Suppose -7*z = -3*z + 132. Let o(b) = b**2 - 10*b - 8. Let x be o(8). Let f be (8/x)/(1/z). What is the greatest common divisor of 77 and f?
11
Suppose 102*f - 51*f = 765. What is the highest common factor of 705 and f?
15
Suppose 3*p - 5*k = 189 + 473, p = 4*k + 216. Suppose -11*z + 3*z = -p. Suppose 0*n = 3*n - 924. Calculate the greatest common divisor of z and n.
28
Let n be (-19)/2*(-82 - -78). Let k be (2 - 1)/1 + 94. Calculate the highest common divisor of n and k.
19
Let u be ((-45)/(-20))/9*236. Suppose 20*q - u = 221. Calculate the greatest common divisor of q and 35.
7
Let u = 1275 - 1181. Calculate the highest common divisor of 1504 and u.
94
Let v be 144/10 + 3/5. Suppose -2*d - 3*j = -2*j - 353, -4*d + 5*j + 727 = 0. Let c = -43 + d. Calculate the greatest common factor of c and v.
15
Let a(i) = -i**3 - 25*i**2 + 70. Let w be a(-25). Calculate the greatest common factor of 1120 and w.
70
Let u be (-56)/28 - (-41 + 0). What is the greatest common factor of 117 and u?
39
Suppose 0 = -2*r - f - 3, 3*r = -r - f - 5. Let q(o) = 518*o + 2. Let s be q(r). Let k = -186 - s. What is the greatest common divisor of 30 and k?
30
Let g = 260 + -181. Suppose 8*i - 4*i = -4*s - 116, 0 = -3*s + i - g. Let d be (-26 + 2)/(3/s). What is the greatest common factor of d and 24?
24
Let q be (0 - 3 - -2) + 2 + 50. Suppose -z + 87 = 2*z. Suppose 5*b - z - q = 0. What is the greatest common factor of 8 and b?
8
Suppose 1010 = -33*w + 3254. Calculate the highest common divisor of 289 and w.
17
Suppose 2*x - 144 = -c - 2, 0 = -c - 3*x + 138. Suppose -i + 4*i = c. Suppose d - 22 = i. What is the highest common divisor of d and 8?
8
Suppose 5*y - 29*o + 32*o - 1436 = 0, -3*o - 280 = -y. Calculate the greatest common factor of 39 and y.
13
Suppose -6*d + 527 = 3*v - d, 25 = -5*d. What is the highest common divisor of v and 8?
8
Let b = 285 + -275. What is the highest common divisor of b and 70?
10
Suppose -4*v - 2*v = 66. Let r = v + -13. Let z be (-1)/(-3) - 88/r. What is the greatest common factor of z and 4?
4
Suppose 388 = 2*i + 34. Suppose -h = -154 - i. Suppose 0 = -5*o + h + 194. What is the highest common divisor of o and 15?
15
Let w(h) = h**3 - 5*h**2 + h - 1. Let b be w(3). Let m be ((-18)/(-6))/((-6)/b). Suppose 3*n + m = 14. Calculate the greatest common divisor of n and 8.
2
Let a = 1245 - 835. What is the greatest common factor of 82 and a?
82
Suppose 25 = 5*u, 2*i + 4*u - 855 = -265. Calculate the highest common divisor of 15 and i.
15
Let z = -126 - -168. Calculate the greatest common divisor of z and 28.
14
Let u = -261 + 315. What is the greatest common factor of 288 and u?
18
Suppose 9 = 3*j - 24. Suppose 21*f - 26*f = 20, 2*f = 3*y - 74. What is the highest common factor of j and y?
11
Suppose -765 = -0*d - 9*d. Suppose d = -t + 115. Suppose -3*p - 3*b = -0*b - 465, -2*b + 10 = 0. Calculate the greatest common divisor of t and p.
30
Let v = -1 + 5. Let h(r) = r**3 + 3*r**2 + r - 2. Let t be h(-2). Suppose 2*g = -3*z - t + 4, v = -2*g - 5*z. What is the highest common divisor of g and 12?
4
Let m(k) = -8*k**2 + 2*k - 2. Let x be m(1). Let f be 23 + x/2 + 1. Suppose 2*s - f - 8 = 0. What is the greatest common divisor of 112 and s?
14
Let g(n) = 11*n - 12. Let k be g(4). What is the highest common divisor of k and 224?
32
Let a(k) = 137*k**2 - k. Let b be a(1). Calculate the highest common factor of b and 16.
8
Let a = -159 + 168. Let r(z) = -13*z + 8. Let w be r(-7). Let t = w - 18. What is the highest common factor of a and t?
9
Let s = 39 + -33. Suppose s*z - 10 = 4*z. Calculate the greatest common divisor of 1 and z.
1
Let f(c) = 5*c + 2. Suppose -3*q + 5*g + 30 = 0, 0*q - 5*g = -4*q + 35. Let n be f(q). Let p = -3086 - -3167. What is the greatest common divisor of n and p?
27
Let g(m) be the third derivative of m**5/60 - m**4/12 - m**3/6 - 6*m**2. Suppose -3*i = -2 + 5. Let b be g(i). What is the highest common divisor of b and 16?
2
Let r be 14 - 16 - (1 + -24). Calculate the greatest common divisor of 12 and r.
3
Let h(n) = 2*n**3 - 51*n**2 - 64*n - 9. Let t be h(27). What is the greatest common divisor of 36 and t?
18
Let v be 2/(-6) - ((-760)/12 + -1). Suppose z - 32 = -4*f, 2*z - 2 = f - 10. What is the highest common divisor of f and v?
8
Let b = 14 - 11. Suppose 4*i - b = 5. Suppose -i*l + 140 = -20. Calculate the highest common factor of 16 and l.
16
Suppose 3*r - l - 94 = -0*r, -4*r + 2*l = -124. Suppose 3